inder when 3482 is divided by 250?
232
What is the remainder when 3827 is divided by 12?
11
What is the remainder when 44586 is divided by 14861?
3
What is the remainder when 6468 is divided by 6413?
55
Calculate the remainder when 4808 is divided by 65.
63
What is the remainder when 209034 is divided by 104513?
8
What is the remainder when 179356 is divided by 117?
112
What is the remainder when 5364 is divided by 14?
2
What is the remainder when 18036 is divided by 6010?
6
Calculate the remainder when 20686 is divided by 6.
4
Calculate the remainder when 5166988 is divided by 90.
88
Calculate the remainder when 48049 is divided by 5996.
81
What is the remainder when 670833 is divided by 67082?
13
What is the remainder when 5596 is divided by 35?
31
Calculate the remainder when 133337 is divided by 89.
15
Calculate the remainder when 39472 is divided by 109.
14
What is the remainder when 24063 is divided by 24?
15
What is the remainder when 104348 is divided by 287?
167
What is the remainder when 2720 is divided by 454?
450
What is the remainder when 53811 is divided by 17882?
165
What is the remainder when 39937 is divided by 1248?
1
Calculate the remainder when 20843 is divided by 87.
50
What is the remainder when 50682 is divided by 1371?
1326
Calculate the remainder when 3056 is divided by 63.
32
What is the remainder when 1000079 is divided by 1000063?
16
What is the remainder when 350142 is divided by 43?
36
What is the remainder when 17939 is divided by 208?
51
What is the remainder when 4617007 is divided by 410?
407
Calculate the remainder when 53435 is divided by 183.
182
Calculate the remainder when 7311 is divided by 387.
345
Calculate the remainder when 57705 is divided by 50.
5
Calculate the remainder when 73203 is divided by 73189.
14
Calculate the remainder when 57827 is divided by 1159.
1036
What is the remainder when 53067 is divided by 402?
3
What is the remainder when 52550 is divided by 569?
202
What is the remainder when 37928 is divided by 109?
105
Calculate the remainder when 31470 is divided by 552.
6
What is the remainder when 33136 is divided by 126?
124
What is the remainder when 7432 is divided by 2425?
157
Calculate the remainder when 17398 is divided by 5798.
4
What is the remainder when 1891955 is divided by 28?
23
What is the remainder when 254697 is divided by 63672?
9
Calculate the remainder when 66744 is divided by 50.
44
What is the remainder when 1153 is divided by 182?
61
What is the remainder when 1071 is divided by 48?
15
Calculate the remainder when 2216019 is divided by 538.
535
What is the remainder when 528412 is divided by 528398?
14
Calculate the remainder when 15219 is divided by 15216.
3
Calculate the remainder when 68728 is divided by 2147.
24
Calculate the remainder when 1939 is divided by 140.
119
Calculate the remainder when 41880 is divided by 10466.
16
What is the remainder when 38545 is divided by 1482?
13
What is the remainder when 24509 is divided by 8152?
53
Calculate the remainder when 1955 is divided by 679.
597
What is the remainder when 393456 is divided by 18736?
0
Calculate the remainder when 2331 is divided by 221.
121
What is the remainder when 21752 is divided by 5?
2
What is the remainder when 33613 is divided by 16800?
13
Calculate the remainder when 80564 is divided by 488.
44
What is the remainder when 202 is divided by 10?
2
Calculate the remainder when 18716 is divided by 180.
176
Calculate the remainder when 6218 is divided by 1376.
714
Calculate the remainder when 65619 is divided by 38.
31
Calculate the remainder when 12152 is divided by 103.
101
What is the remainder when 1093726 is divided by 702?
10
What is the remainder when 987 is divided by 140?
7
What is the remainder when 339039 is divided by 520?
519
What is the remainder when 610 is divided by 184?
58
Calculate the remainder when 17512 is divided by 84.
40
Calculate the remainder when 1437 is divided by 369.
330
Calculate the remainder when 21831 is divided by 10905.
21
What is the remainder when 13294 is divided by 502?
242
What is the remainder when 9830 is divided by 66?
62
Calculate the remainder when 758849 is divided by 138.
125
What is the remainder when 690 is divided by 95?
25
Calculate the remainder when 2268335 is divided by 34.
25
Calculate the remainder when 1341 is divided by 86.
51
What is the remainder when 15921 is divided by 232?
145
Calculate the remainder when 22360 is divided by 66.
52
Calculate the remainder when 19823 is divided by 381.
11
What is the remainder when 532269 is divided by 26?
23
Calculate the remainder when 225816 is divided by 240.
216
What is the remainder when 138200 is divided by 66?
62
What is the remainder when 19082 is divided by 1364?
1350
What is the remainder when 167082 is divided by 31?
23
Calculate the remainder when 29456 is divided by 2523.
1703
Calculate the remainder when 851 is divided by 197.
63
What is the remainder when 208864 is divided by 1024?
992
Calculate the remainder when 44192 is divided by 22.
16
Calculate the remainder when 1504 is divided by 259.
209
Calculate the remainder when 10808 is divided by 106.
102
What is the remainder when 17834 is divided by 241?
0
What is the remainder when 4927 is divided by 605?
87
What is the remainder when 9706 is divided by 9702?
4
Calculate the remainder when 137096 is divided by 22.
14
Calculate the remainder when 8388 is divided by 167.
38
What is the remainder when 4167 is divided by 55?
42
What is the remainder when 14428 is divided by 370?
368
What is the remainder when 4890 is divided by 1428?
606
What is the remainder when 20278 is divided by 4?
2
Calculate the remainder when 444829 is divided by 20.
9
Calculate the remainder when 7781 is divided by 775.
31
What is the remainder when 36415 is divided by 607?
602
What is the remainder when 2796 is divided by 200?
196
Calculate the remainder when 15261 is divided by 866.
539
Calculate the remainder when 2409 is divided by 245.
204
Calculate the remainder when 11032 is divided by 2299.
1836
Calculate the remainder when 16076 is divided by 335.
331
Calculate the remainder when 19531 is divided by 6429.
244
What is the remainder when 15365 is divided by 614?
15
Calculate the remainder when 1244 is divided by 288.
92
What is the remainder when 42548 is divided by 46?
44
Calculate the remainder when 131133 is divided by 846.
3
What is the remainder when 3588 is divided by 1164?
96
Calculate the remainder when 250824 is divided by 395.
394
Calculate the remainder when 17253 is divided by 5671.
240
Calculate the remainder when 127111 is divided by 63538.
35
Calculate the remainder when 919716 is divided by 69.
15
Calculate the remainder when 10339 is divided by 2179.
1623
What is the remainder when 1172 is divided by 165?
17
Calculate the remainder when 59472 is divided by 59444.
28
What is the remainder when 216475 is divided by 330?
325
What is the remainder when 680462 is divided by 1121?
15
What is the remainder when 5432 is divided by 18?
14
What is the remainder when 7501 is divided by 3733?
35
What is the remainder when 1731 is divided by 428?
19
Calculate the remainder when 9570 is divided by 371.
295
Calculate the remainder when 52704 is divided by 312.
288
Calculate the remainder when 19770 is divided by 2.
0
What is the remainder when 10155 is divided by 41?
28
What is the remainder when 21715 is divided by 4151?
960
What is the remainder when 2071 is divided by 21?
13
Calculate the remainder when 2360 is divided by 475.
460
Calculate the remainder when 15926 is divided by 355.
306
Calculate the remainder when 108124 is divided by 54062.
0
Calculate the remainder when 1849 is divided by 103.
98
What is the remainder when 2330730 is divided by 119?
115
Calculate the remainder when 28240 is divided by 192.
16
What is the remainder when 3403 is divided by 1127?
22
What is the remainder when 2699 is divided by 1322?
55
What is the remainder when 538 is divided by 128?
26
Calculate the remainder when 1334 is divided by 267.
266
Calculate the remainder when 6536 is divided by 436.
432
Calculate the remainder when 54700 is divided by 10937.
15
Calculate the remainder when 197058 is divided by 118.
116
Calculate the remainder when 77640 is divided